59?
59
Let j be ((-2)/(-2)*-65)/(1 + -2). Let l = -53 + j. What is the greatest common divisor of l and 18?
6
Let i(d) = 2*d**2 - d - 3. Let x = 11 - 8. Suppose 3 = -n + 2*s, -3*n - n = -x*s - 8. Let l be i(n). Calculate the greatest common divisor of 6 and l.
6
Suppose -5*i + 21 - 16 = 0. Let o be (63/(-5))/(i/(-5)). Let c = 52 - 31. Calculate the highest common factor of c and o.
21
Let k(s) = -208*s + 187*s - s**3 - 11*s**2 - 5 + 0*s**3 - 16. Let w be k(-9). Let n = 1 - -1. Calculate the highest common factor of w and n.
2
Let r be (0 + 4/(-6))*36/8. Let j be (16/(-10))/(r - (-762)/255). Calculate the greatest common divisor of j and 17.
17
Let i = 3 - 19. Let r = i + 21. Suppose -21 = r*w - 81. What is the greatest common divisor of 96 and w?
12
Suppose 40 = -p - p. Let h be (0 + 99)*p/15. Let m be (-1)/(h/128 - -1). Calculate the highest common factor of m and 4.
4
Let l = 311 + -191. What is the greatest common divisor of l and 24?
24
Suppose -2*n - 3 = -9. Suppose 0 = 3*k + 9, k - 1 = n*x - 5*x. Suppose -x*t - t + 27 = 0. What is the highest common factor of t and 81?
9
Let f(d) = -d**3 - 22*d**2 + 19*d - 70. Let z be f(-23). What is the highest common factor of z and 77?
11
Let p be (-4 + 2 + 1)*0. Suppose 0 = -3*m - p*m + 117. What is the greatest common factor of 65 and m?
13
Let r(f) = 2*f**2 + 16*f + 3. Let x(s) = -14*s**2 - s - 1. Let h be x(-1). Let l be r(h). Calculate the greatest common divisor of 19 and l.
19
Let b = 216 - 205. What is the greatest common divisor of b and 8?
1
Let f be (-9795)/(-9) + (340/(-51))/20. Calculate the highest common factor of 128 and f.
64
Let o = 6 + -2. Let t(f) = -f**3 - f**2 + f + 1. Let y be t(-2). Suppose -2*i - 3*i + 15 = 2*m, -m + 2 = -y*i. What is the greatest common factor of o and i?
1
Let z be 157 - (4 + (1 - 1)). Let g(h) = 18*h**2 - h. Let t(k) = -k - 1. Let q be t(-2). Let b be g(q). Calculate the greatest common divisor of b and z.
17
Let s = -48 - -108. Let x be (-3)/(1/(-3 + 2)). Let f be (x/(-9))/((-6)/216). Calculate the highest common divisor of f and s.
12
Suppose -u - 2 = -2*u. Suppose 8 = 4*c - 2*b, 5*b = 3*c - 11 - 2. What is the greatest common divisor of c and u?
1
Let u = -130 + 146. Suppose -u*l + 17*l - 627 = 0. What is the highest common factor of l and 57?
57
Let b = -202 + 386. Let p = 5 + -81. Let u = -53 - p. Calculate the highest common divisor of u and b.
23
Let q(s) = -6*s - 4. Let l be q(-4). Let f = 17 - l. Let b = 4 - f. What is the highest common factor of 63 and b?
7
Suppose z - 6 = -2*z. Suppose -2*w + 20 = z*q + 2*w, 15 = 3*w. Suppose -2*p - 8 = -3*y - 37, q = 5*y - 25. What is the highest common factor of 22 and p?
22
Let l(h) = 18*h + 6. Let u be l(4). Let d = -67 + u. What is the greatest common divisor of d and 121?
11
Let v(n) = -n**3 + 7*n**2 + 2*n - 2. Let k be v(7). Suppose 0 = -0*o - o - k. Let g be (-1 + 16/o)*-3. What is the highest common factor of 7 and g?
7
Let c(k) = k**3 + 9*k**2 + 8*k - 10. Let l be c(-7). Let h = 113 + -17. What is the greatest common factor of l and h?
32
Let a = 102 + -3. Let d = 120 - a. What is the highest common divisor of 168 and d?
21
Let s(i) = -11*i + 51 + 28*i - 16*i. Let m be s(-9). What is the greatest common factor of m and 210?
42
Let w = -799 + 798. Let r(u) = 6*u - 9. Let b(m) = m - 1. Let a(z) = -12*b(z) + r(z). Let i be a(w). What is the highest common divisor of i and 3?
3
Let a be (-6)/(-4) + 8550/60. Calculate the highest common divisor of a and 108.
36
Let f be -19 - ((-2)/(-7) - (-16)/(-56)). Let d be 15 + f - (-580)/2. Calculate the highest common factor of d and 22.
22
Suppose -4*b = -0*b - 588. Let u(h) = 17*h - 166. Let g be u(11). What is the greatest common factor of b and g?
21
Suppose -x - r - 36 = 0, -2*x - 5*r - 85 - 2 = 0. Let h = x + 66. Calculate the greatest common divisor of 7 and h.
7
Let l(d) = d + 15. Let c be l(-10). Suppose -3*n + 5*p + 30 = -2*n, -c*n + 34 = 4*p. Suppose 0 = 2*m - 3*m + 1. Calculate the greatest common factor of n and m.
1
Suppose k = -2*a + a + 54, 0 = 3*k - 5*a - 146. Suppose -2*d + 234 = k. Suppose -5*o = 14 - 79. Calculate the greatest common factor of o and d.
13
Let x(p) = -56*p - 16. Let j be x(-2). Suppose 0 = 2*d - 8 - 4. Calculate the highest common factor of d and j.
6
Let c = -8106 - -13636. Calculate the highest common divisor of 79 and c.
79
Suppose -12 = -14*i + 10*i, 16 = 2*v + 2*i. Calculate the highest common factor of v and 55.
5
Let p be (-2 + 1)/((-7)/168). Calculate the highest common divisor of p and 2664.
24
Let o(x) = 26*x + 217. Let w be o(-8). Suppose -6*b = -b - 90. What is the greatest common divisor of w and b?
9
Suppose -7*f + y - 19 = -9*f, 0 = -3*f + 3*y + 15. Suppose -64 = -8*n + 4*n. Calculate the highest common divisor of n and f.
8
Let t(q) be the third derivative of 0*q - 1/3*q**3 + 0 - 1/24*q**4 + q**2. Let x be t(-4). Calculate the highest common factor of 12 and x.
2
Let n = 15 - 12. Let t be (-1)/((-2)/n)*800/75. What is the greatest common divisor of 8 and t?
8
Let t be 2/2*3 + (-79)/79. Let l(f) = f**3 - 4*f**2 + 6*f + 2. Let v be l(t). Calculate the greatest common factor of v and 3.
3
Suppose -4*l + 26 = 6. Suppose 22 = 2*i + 2*q - 4, 0 = -q - l. Calculate the highest common factor of 18 and i.
18
Suppose 71 = -10*b + 411. Calculate the greatest common factor of b and 17.
17
Let z(b) = b**3 + 8*b**2 + 6*b + 14. Let o be z(-7). Calculate the highest common divisor of 16 and o.
1
Let s be ((-18)/5)/(22/(-55)). What is the greatest common factor of s and 3?
3
Let b(j) = j**2 + j - 5. Let h be b(-4). What is the highest common factor of h and 147?
7
Suppose -4*c + 12 = 3*w - 15, -3*c + 5*w = -13. Let k(t) = 3*t**2 + 43 - 41 + 0*t**2 - 4*t. Let g be k(2). What is the greatest common factor of g and c?
6
Suppose 5*m + 10 = 0, -5*m = -5*g + 98 - 33. Suppose 0 = -4*n + 2 + 350. What is the greatest common factor of n and g?
11
Suppose -16 = -27*g + 23*g - 5*m, 26 = 2*g - 2*m. Calculate the greatest common divisor of 81 and g.
9
Suppose 3*c + c = 108. Let p = 2 + c. Let t = -14 + p. What is the highest common divisor of 6 and t?
3
Suppose -5*b + 1037 = 3*n, -b - 203 = -2*b - 5*n. Let g = 12 - 18. Let h be 4/g*3 - -28. What is the highest common factor of h and b?
26
Let p(l) = l**2 - 9*l - 49. Let m be p(-7). Calculate the greatest common divisor of 777 and m.
21
Let z(g) = -g**3 - 4*g**2 + 30*g + 20. Let s be z(-8). What is the greatest common factor of s and 90?
18
Suppose -75 = -5*k + 5*h - 20, 0 = 4*k + 2*h - 74. Calculate the highest common divisor of 496 and k.
16
Suppose -21 - 51 = -18*c. Calculate the greatest common factor of 22 and c.
2
Suppose -4*l - 10 = -3*t, -3*l + 4*t - t - 9 = 0. Let v = l - -8. Let s(m) = m**2 - 3*m - 7. Let x be s(10). What is the highest common factor of x and v?
7
Suppose -4*v - 12 = -4*r, 5*v - 1 = 2*r - 4. Let g be 12/(1/v) - 2. What is the greatest common divisor of g and 35?
5
Let r = -135 + 142. What is the greatest common factor of 224 and r?
7
Let q be (-12*1)/(-2) - (33 + -85). Let s be (-27)/(-18)*(0 + 58). Calculate the highest common divisor of s and q.
29
Let j = 111 - 78. Let c = -32 + 49. Let q = c + 5. What is the greatest common factor of q and j?
11
Suppose 4*g + 0*f = -5*f + 31, 5*g + 2*f - 26 = 0. Suppose 20 = g*c + 92. Let b = -16 - c. What is the highest common divisor of 1 and b?
1
Let s = 232 + -137. Suppose p = -2*y + 34, -4*y + 4*p + 42 = -50. Calculate the greatest common divisor of s and y.
19
Let k be 1*-1 - -1246 - (115 + -112). What is the greatest common factor of k and 46?
46
Let s = -76 + 258. Let h(n) = n**2 - 519*n + 2596. Let r be h(5). Calculate the greatest common divisor of s and r.
26
Let l = -1450 - -2340. Calculate the greatest common divisor of l and 5.
5
Suppose 1180 = -2*l - 2*l. Let a be 2/10 - l/25. Let o(x) = -15*x + 6. Let j be o(-6). What is the highest common factor of j and a?
12
Let i = -281 - -398. Let b = -62 + i. What is the greatest common factor of b and 11?
11
Let j(c) = -c**2 - 21*c - 48. Let i be j(-4). What is the greatest common divisor of i and 4?
4
Let j be (0 - -10)/(4/10). Suppose -7*y + 10 = -j. Let z be (1 - -1)*7 + 1. What is the greatest common factor of z and y?
5
Let w(i) = i**2 - 5*i - 4. Suppose 4*f + 2*v + 